termine n(14).
24
Let v(d) = -53836*d + 1130669. What is v(21)?
113
Let n(b) = 3996*b**2 + 3990*b - 14. What is n(-1)?
-8
Let q(t) = 6467*t + 47205. Calculate q(-7).
1936
Let m(p) = 1376*p**2 + 604067*p + 1318. Calculate m(-439).
1
Let n(j) = -2*j**2 - 14708*j + 5812964. What is n(376)?
4
Let y(l) = 958*l + 34122. Give y(-35).
592
Let l(v) = 2*v**2 - 80*v - 727. Calculate l(-15).
923
Let k(a) = -23*a**2 - 80*a + 3095. What is k(10)?
-5
Let d(n) = n**3 - 35*n**2 - 161*n + 195. What is d(39)?
0
Let a(b) = -6046*b + 6759. Give a(1).
713
Let w(b) = -45*b**3 + 4366*b**2 - 95*b - 8. Give w(97).
186
Let q(n) = -3*n**3 - 250*n**2 - 2459*n + 3. Give q(-72).
795
Let m(d) = -d**3 - 16*d**2 - 55*d - 35. Calculate m(-12).
49
Let u(a) = 2*a**3 - 32*a**2 + 183*a + 147. Calculate u(11).
950
Let l(n) = -33395*n - 200412. Calculate l(-6).
-42
Let q(m) = m**3 - 43*m**2 + 273*m - 9. Determine q(8).
-65
Let z(m) = m**2 - 3243*m + 25895. Calculate z(8).
15
Let b(r) = 48*r**2 + 142*r - 22. Calculate b(-3).
-16
Let h(s) = 2*s**3 + 29*s**2 - 109*s + 1170. Give h(-19).
-8
Let k(f) = f**3 - 659*f**2 - 6705*f + 10408. Give k(669).
373
Let d(s) = s**3 + 111*s**2 + 329*s + 525. What is d(-108)?
-15
Let b(w) = 3*w**3 + 406*w**2 + 519*w - 2289. Calculate b(-134).
-11
Let m(t) = -7*t**2 - 229*t - 361. What is m(-37)?
-1471
Let k(v) = -22142*v - 819265. Determine k(-37).
-11
Let g(j) = 5164*j - 154954. Give g(30).
-34
Let t(n) = 27724*n**2 - 110902*n + 6. Calculate t(4).
-18
Let s(a) = 4*a**2 - 355*a + 3507. Calculate s(78).
153
Let h(u) = u**3 - 124*u**2 + 536*u - 6922. Determine h(120).
-202
Let u(v) = -311*v + 35739. What is u(111)?
1218
Let s(y) = -89*y - 11658. Determine s(-147).
1425
Let g(o) = 1376*o - 17025. Give g(15).
3615
Let t(x) = 273*x**3 - 3*x**2 - 5*x - 4. Determine t(-1).
-275
Let j(g) = -13551*g - 12449. Determine j(-1).
1102
Let u(j) = -348*j - 29024. Determine u(-83).
-140
Let j(g) = g**3 + 127*g**2 + 10*g + 5940. What is j(-127)?
4670
Let a(r) = -15079*r + 1598376. What is a(106)?
2
Let y(n) = 2108*n + 101187. What is y(-48)?
3
Let s(t) = 17591*t + 1090639. Calculate s(-62).
-3
Let k(w) = w**2 + 170*w - 39466. Calculate k(-301).
-35
Let o(j) = 168*j**3 + 13*j**2 - 163*j + 277. What is o(2)?
1347
Let f(c) = -c**2 + 777*c - 85502. What is f(644)?
150
Let b(r) = -67*r + 20083. What is b(302)?
-151
Let v(p) = 4100*p + 434657. What is v(-106)?
57
Let h(d) = -72599*d - 290226. What is h(-4)?
170
Let n(u) = -6087*u - 72509. Determine n(-12).
535
Let p(o) = -19*o**2 - 57*o - 199. What is p(-3)?
-199
Let r(u) = 127*u**2 + 8716*u - 3379. What is r(-69)?
-136
Let y(c) = -10*c**2 + 407*c + 19223. What is y(-28)?
-13
Let i(m) = 219439*m - 4169327. Calculate i(19).
14
Let w(o) = -2*o**3 + 30*o**2 + 26*o - 521. What is w(15)?
-131
Let r(p) = p**3 - 15*p**2 - 202*p + 178. Determine r(22).
-878
Let m(d) = 8*d**3 - 32*d**2 - 250*d + 21. Calculate m(-8).
-4123
Let z(g) = -3*g**3 - 365*g**2 + 62*g - 7320. Determine z(-122).
0
Let q(o) = 9*o**2 - 8072*o - 16142. Give q(-2).
38
Let p(j) = j**3 - 321*j**2 + 654*j - 4956. Give p(319).
148
Let h(t) = -371*t + 80144. Give h(216).
8
Let d(r) = -8200*r - 89618. Determine d(-11).
582
Let h(n) = 93*n**2 - 3950*n + 49. Determine h(43).
2156
Let k(c) = 776*c**3 + 2*c**2 - 5*c + 4. What is k(1)?
777
Let f(w) = -w**3 - 258*w**2 + 15032*w - 2740. Calculate f(-307).
637
Let x(r) = r**3 + 27*r**2 - 408*r + 1225. Determine x(5).
-15
Let b(r) = 8*r + 1234. Give b(-152).
18
Let q(d) = -23*d**2 - 22802*d - 45528. Give q(-2).
-16
Let o(j) = -35267*j**2 + 141051*j + 70. Calculate o(4).
2
Let c(l) = 13994*l + 112383. What is c(-8)?
431
Let d(g) = -2*g**3 + 39*g**2 - 131*g + 34. What is d(17)?
-748
Let p(i) = -28706*i - 4392015. What is p(-153)?
3
Let k(p) = 3*p**2 - 1259*p - 269395. Determine k(-156).
17
Let r(f) = -47*f**2 + 26711*f + 18201. What is r(569)?
-7
Let g(q) = -2579*q + 255346. Give g(99).
25
Let n(h) = 2*h**2 + 1001*h - 10204. What is n(10)?
6
Let s(w) = 617*w + 17813. Calculate s(-32).
-1931
Let f(m) = -60*m**2 + 7569*m - 491. Give f(126).
643
Let m(c) = -11358*c + 942699. What is m(83)?
-15
Let d(n) = -22*n**2 + 932*n + 1622. What is d(44)?
38
Let a(i) = -294355*i + 5298386. What is a(18)?
-4
Let c(d) = -4266*d + 119448. What is c(28)?
0
Let n(w) = 14*w**2 + 879*w + 7758. Calculate n(-52).
-94
Let w(o) = -o**2 + 354709*o - 2128228. Determine w(6).
-10
Let v(k) = -3*k**2 - 77*k - 326. Give v(-4).
-66
Let q(i) = 13467488*i - 67337441. What is q(5)?
-1
Let b(p) = p**3 + 18*p**2 + 28*p + 96. Give b(-17).
-91
Let f(u) = -3*u**3 + 135*u**2 + 260*u - 5649. Give f(46).
-37
Let f(x) = 3*x**3 - 33*x**2 + 158*x + 641. Give f(14).
4617
Let j(z) = -4*z**2 + 37557*z - 112637. What is j(3)?
-2
Let u(n) = -n**2 - 5739*n - 729161. What is u(-130)?
9
Let r(u) = 8*u**2 + 170*u + 666. What is r(-5)?
16
Let p(f) = -f**2 + 1106*f - 13157. Give p(12).
-29
Let f(o) = -7*o**3 - 47*o**2 - 2785*o - 10845. What is f(-4)?
-9
Let i(d) = -d**3 + 2581*d**2 - 10204*d - 411. What is i(4)?
5
Let z(u) = u**2 + 784*u + 119773. Give z(-576).
-35
Let z(q) = 261*q - 109109. Determine z(418).
-11
Let n(h) = 85939*h - 171872. Calculate n(2).
6
Let g(h) = -208*h**2 + 5325*h - 5323. Give g(1).
-206
Let m(d) = -d**2 - 86*d + 3973. Calculate m(-102).
2341
Let u(j) = -59*j**2 - 135*j + 4550. Determine u(-10).
0
Let u(a) = a**3 - 1183*a**2 + 11744*a - 16. What is u(10)?
124
Let s(p) = 2*p**3 - 17*p**2 - 213*p + 2662. Calculate s(10).
832
Let y(z) = 10*z**3 + 6*z**2 + 108*z - 344. Give y(3).
304
Let m(u) = -10944*u - 4279181. Give m(-391).
-77
Let s(d) = -6*d**3 - 754*d**2 + 253*d + 185. What is s(-126)?
59
Let f(l) = 9*l**3 - 650*l**2 - 726*l + 15699. Calculate f(73).
4
Let w(b) = -2084*b - 48094. Determine w(-23).
-162
Let v(u) = -16093*u**2 - 80478*u - 71. Give v(-5).
-6
Let g(h) = -11*h**2 - 1941*h - 68186. Calculate g(-128).
38
Let z(s) = -1466*s**2 + 55711*s - 105. Give z(38).
9
Let k(f) = -1383*f - 129950. Give k(-94).
52
Let d(y) = -2*y**3 - 29*y**2 - 97*y + 121. Give d(-8).
65
Let q(k) = 2*k**3 + 36*k**2 + 284*k - 724. Calculate q(2).
4
Let z(t) = -2051*t + 151756. Give z(74).
-18
Let z(s) = -2035*s - 4555. Give z(-3).
1550
Let a(r) = 3*r**2 - 473*r - 1861. Calculate a(-4).
79
Let m(j) = 4*j**3 + 94*j**2 + 309*j - 380. What is m(-20)?
-960
Let j(b) = -b**2 + 36673*b - 366643. Determine j(10).
-13
Let q(z) = 901*z - 2442. Give q(3).
261
Let g(m) = -4*m**2 - 1832*m - 149243. Calculate g(-352).
5
Let g(r) = -r**3 - 16*r**2 + 360*r + 684. What is g(-28)?
12
Let m(i) = 3492*i - 139676. Give m(40).
4
Let q(h) = h**2 + 1215*h + 17025. Give q(-14).
211
Let a(o) = -o**3 - 75*o**2 - 405*o + 376. Give a(-69).
-245
Let h(c) = c**3 - 57*c**2 - 555*c + 6283. Determine h(64).
-565
Let g(u) = 29*u**2 + 1653*u - 1. What is g(-57)?
-1
Let f(d) = -90*d**2 + 133*d + 428. What is f(-3)?
-781
Let o(d) = 2*d**3 + 108*d**2 + 110*d + 225. Determine o(-53).
13
Let t(o) = 16692*o + 1786020. Give t(-107).
-24
Let y(b) = -18*b**2 + 6920*b + 3897. What is y(385)?
47
Let t(r) = 337*r + 52393. Determine t(-148).
2517
Let r(y) = 8*y**2 - 913*y + 626. Give r(114).
512
Let z(g) = 2085*g + 635923. What is z(-305)?
-2
Let n(a) = 46353*a - 278128. What is n(6)?
-10
Let v(i) = 87479*i - 524875. Give v(6).
-1
Let y(j) = j**3 - 77*j**2 - 2186*j - 173. Give y(-22).
3
Let z(m) = 9*m**3 - 35*m**2 - 89*m + 38. Determine z(-3).
-253
Let m(f) = -342*f - 2026. Calculate m(-6).
26
Let h(j) = -2230*j - 32372. Determine h(-14).
-1152
Let h(w) = 2*w**3 + 3*w**2 - 4*w - 115. Give h(-6).
-415
Let r(y) = -2*y**3 + 13*y**2 + 214*y + 252. Calculate r(15).
-363
Let l(k) = -19*k**2 + 38*k + 222. Calculate l(-4).
-234
Let m(c) = c**3 - 5*c**2 - 49*c - 314. What is m(18)?
3016
Let i(x) = -x**3 - 21*x**2 + 281*x - 202. Calculate i(-29).
-1623
Let y(j) = j**3 + 8*j**2 - 35*j - 30. Determine y(4).
22
Let f(w) = 2206*w + 750018. Calculate f(-340).
-22
Let d(u) = -2*u**3 + 351*u**2 + 2264*u + 441. Determine d(-6).
-75
Let d(x) = -6*x**3 + 37*x**2 - 32*x + 134. Give d(7).
-335
Let u(c) = c**3 + 282*c**2 + 2468*c + 3016. Give u(-273).
13
Let y(i) = -2*i**3 - 40*i**2 + 554*i + 10916. Give y(-20).
-164
Let r(k) = -48*k**2 - 324*k - 1. Calculate r(-7).
-85
Let f(k) = -13*k**2 - 712*k + 7474. Give f(9).
13
Let m(r) = -2957*r + 65928. What 